{"version":"1.0","provider_name":"Gaudium Et Spes","provider_url":"https:\/\/gaudiumetspes-blog.pl","author_name":"Ks. Jacek","author_url":"https:\/\/gaudiumetspes-blog.pl\/index.php\/author\/ks-jacek\/","title":"Rozpoczynamy nowy rok - w imi\u0119 Pa\u0144skie! - Gaudium Et Spes","type":"rich","width":600,"height":338,"html":"<blockquote class=\"wp-embedded-content\" data-secret=\"CS7s6JM7kS\"><a href=\"https:\/\/gaudiumetspes-blog.pl\/index.php\/2011\/01\/02\/rozpoczynamy-nowy-rok-w-imie-panskie\/\">Rozpoczynamy nowy rok &#8211; w imi\u0119 Pa\u0144skie!<\/a><\/blockquote><iframe sandbox=\"allow-scripts\" security=\"restricted\" src=\"https:\/\/gaudiumetspes-blog.pl\/index.php\/2011\/01\/02\/rozpoczynamy-nowy-rok-w-imie-panskie\/embed\/#?secret=CS7s6JM7kS\" width=\"600\" height=\"338\" title=\"&#8222;Rozpoczynamy nowy rok &#8211; w imi\u0119 Pa\u0144skie!&#8221; &#8212; Gaudium Et Spes\" data-secret=\"CS7s6JM7kS\" frameborder=\"0\" marginwidth=\"0\" marginheight=\"0\" scrolling=\"no\" class=\"wp-embedded-content\"><\/iframe><script type=\"text\/javascript\">\n\/* <![CDATA[ *\/\n\/*! This file is auto-generated *\/\n!function(d,l){\"use strict\";l.querySelector&&d.addEventListener&&\"undefined\"!=typeof URL&&(d.wp=d.wp||{},d.wp.receiveEmbedMessage||(d.wp.receiveEmbedMessage=function(e){var t=e.data;if((t||t.secret||t.message||t.value)&&!\/[^a-zA-Z0-9]\/.test(t.secret)){for(var s,r,n,a=l.querySelectorAll('iframe[data-secret=\"'+t.secret+'\"]'),o=l.querySelectorAll('blockquote[data-secret=\"'+t.secret+'\"]'),c=new RegExp(\"^https?:$\",\"i\"),i=0;i<o.length;i++)o[i].style.display=\"none\";for(i=0;i<a.length;i++)s=a[i],e.source===s.contentWindow&&(s.removeAttribute(\"style\"),\"height\"===t.message?(1e3<(r=parseInt(t.value,10))?r=1e3:~~r<200&&(r=200),s.height=r):\"link\"===t.message&&(r=new URL(s.getAttribute(\"src\")),n=new URL(t.value),c.test(n.protocol))&&n.host===r.host&&l.activeElement===s&&(d.top.location.href=t.value))}},d.addEventListener(\"message\",d.wp.receiveEmbedMessage,!1),l.addEventListener(\"DOMContentLoaded\",function(){for(var e,t,s=l.querySelectorAll(\"iframe.wp-embedded-content\"),r=0;r<s.length;r++)(t=(e=s[r]).getAttribute(\"data-secret\"))||(t=Math.random().toString(36).substring(2,12),e.src+=\"#?secret=\"+t,e.setAttribute(\"data-secret\",t)),e.contentWindow.postMessage({message:\"ready\",secret:t},\"*\")},!1)))}(window,document);\n\/* ]]> *\/\n<\/script>\n","description":"Z RADO\u015aCI\u0104 I NADZIEJ\u0104 WITAM U POCZ\u0104TKU ROKU PA\u0143SKIEGO 2011. \u017byczenia, jakie chc\u0119 Wam z\u0142o\u017cy\u0107, zapisa\u0142em w rozwa\u017caniu. W tym miejscu pragn\u0119 Wam wszystkim przes\u0142a\u0107 na ca\u0142y nowy rok moje z serca p\u0142yn\u0105ce kap\u0142a\u0144skie b\u0142ogos\u0142awie\u0144stwo: NIECH WAS B\u0141OGOS\u0141AWI B\u00d3G WSZECHMOG\u0104CY: OJCIEC I SYN, I DUCH \u015aWI\u0118TY. AMEN&nbsp;&nbsp;&nbsp;&nbsp;&nbsp;&nbsp;&nbsp;&nbsp;&nbsp;&nbsp;&nbsp;&nbsp;&nbsp;&nbsp;&nbsp; Gaudium et spes! Ks. Jacek&nbsp; Uroczysto\u015b\u0107 \u015awi\u0119tej Bo\u017cej [&hellip;]"}

Rozpoczynamy nowy rok - w imię Pańskie! - Gaudium Et Spes

<blockquote class="wp-embedded-content" data-secret="CS7s6JM7kS"><a href="https://gaudiumetspes-blog.pl/index.php/2011/01/02/rozpoczynamy-nowy-rok-w-imie-panskie/">Rozpoczynamy nowy rok &#8211; w imię Pańskie!</a></blockquote><iframe sandbox="allow-scripts" security="restricted" src="https://gaudiumetspes-blog.pl/index.php/2011/01/02/rozpoczynamy-nowy-rok-w-imie-panskie/embed/#?secret=CS7s6JM7kS" width="600" height="338" title="&#8222;Rozpoczynamy nowy rok &#8211; w imię Pańskie!&#8221; &#8212; Gaudium Et Spes" data-secret="CS7s6JM7kS" frameborder="0" marginwidth="0" marginheight="0" scrolling="no" class="wp-embedded-content"></iframe><script type="text/javascript">
/* <![CDATA[ */
/*! This file is auto-generated */
!function(d,l){"use strict";l.querySelector&&d.addEventListener&&"undefined"!=typeof URL&&(d.wp=d.wp||{},d.wp.receiveEmbedMessage||(d.wp.receiveEmbedMessage=function(e){var t=e.data;if((t||t.secret||t.message||t.value)&&!/[^a-zA-Z0-9]/.test(t.secret)){for(var s,r,n,a=l.querySelectorAll('iframe[data-secret="'+t.secret+'"]'),o=l.querySelectorAll('blockquote[data-secret="'+t.secret+'"]'),c=new RegExp("^https?:$","i"),i=0;i<o.length;i++)o[i].style.display="none";for(i=0;i<a.length;i++)s=a[i],e.source===s.contentWindow&&(s.removeAttribute("style"),"height"===t.message?(1e3<(r=parseInt(t.value,10))?r=1e3:~~r<200&&(r=200),s.height=r):"link"===t.message&&(r=new URL(s.getAttribute("src")),n=new URL(t.value),c.test(n.protocol))&&n.host===r.host&&l.activeElement===s&&(d.top.location.href=t.value))}},d.addEventListener("message",d.wp.receiveEmbedMessage,!1),l.addEventListener("DOMContentLoaded",function(){for(var e,t,s=l.querySelectorAll("iframe.wp-embedded-content"),r=0;r<s.length;r++)(t=(e=s[r]).getAttribute("data-secret"))||(t=Math.random().toString(36).substring(2,12),e.src+="#?secret="+t,e.setAttribute("data-secret",t)),e.contentWindow.postMessage({message:"ready",secret:t},"*")},!1)))}(window,document);
/* ]]> */
</script>

Z RADOŚCIĄ I NADZIEJĄ WITAM U POCZĄTKU ROKU PAŃSKIEGO 2011. Życzenia, jakie chcę Wam złożyć, zapisałem w rozważaniu. W tym miejscu pragnę Wam wszystkim przesłać na cały nowy rok moje z serca płynące kapłańskie błogosławieństwo: NIECH WAS BŁOGOSŁAWI BÓG WSZECHMOGĄCY: OJCIEC I SYN, I DUCH ŚWIĘTY. AMEN&nbsp;&nbsp;&nbsp;&nbsp;&nbsp;&nbsp;&nbsp;&nbsp;&nbsp;&nbsp;&nbsp;&nbsp;&nbsp;&nbsp;&nbsp; Gaudium et spes! Ks. Jacek&nbsp; Uroczystość Świętej Bożej [&hellip;]
