{"version":"1.0","provider_name":"Gaudium Et Spes","provider_url":"https:\/\/gaudiumetspes-blog.pl","author_name":"Ks. Jacek","author_url":"https:\/\/gaudiumetspes-blog.pl\/index.php\/author\/ks-jacek\/","title":"Jedni na uczcie - drudzy za drzwiami! - Gaudium Et Spes","type":"rich","width":600,"height":338,"html":"<blockquote class=\"wp-embedded-content\" data-secret=\"wBtuzvyx9k\"><a href=\"https:\/\/gaudiumetspes-blog.pl\/index.php\/2012\/08\/23\/jedni-na-uczcie-drudzy-za-drzwiami\/\">Jedni na uczcie &#8211; drudzy za drzwiami!<\/a><\/blockquote><iframe sandbox=\"allow-scripts\" security=\"restricted\" src=\"https:\/\/gaudiumetspes-blog.pl\/index.php\/2012\/08\/23\/jedni-na-uczcie-drudzy-za-drzwiami\/embed\/#?secret=wBtuzvyx9k\" width=\"600\" height=\"338\" title=\"&#8222;Jedni na uczcie &#8211; drudzy za drzwiami!&#8221; &#8212; Gaudium Et Spes\" data-secret=\"wBtuzvyx9k\" frameborder=\"0\" marginwidth=\"0\" marginheight=\"0\" scrolling=\"no\" class=\"wp-embedded-content\"><\/iframe><script type=\"text\/javascript\">\n\/* <![CDATA[ *\/\n\/*! This file is auto-generated *\/\n!function(d,l){\"use strict\";l.querySelector&&d.addEventListener&&\"undefined\"!=typeof URL&&(d.wp=d.wp||{},d.wp.receiveEmbedMessage||(d.wp.receiveEmbedMessage=function(e){var t=e.data;if((t||t.secret||t.message||t.value)&&!\/[^a-zA-Z0-9]\/.test(t.secret)){for(var s,r,n,a=l.querySelectorAll('iframe[data-secret=\"'+t.secret+'\"]'),o=l.querySelectorAll('blockquote[data-secret=\"'+t.secret+'\"]'),c=new RegExp(\"^https?:$\",\"i\"),i=0;i<o.length;i++)o[i].style.display=\"none\";for(i=0;i<a.length;i++)s=a[i],e.source===s.contentWindow&&(s.removeAttribute(\"style\"),\"height\"===t.message?(1e3<(r=parseInt(t.value,10))?r=1e3:~~r<200&&(r=200),s.height=r):\"link\"===t.message&&(r=new URL(s.getAttribute(\"src\")),n=new URL(t.value),c.test(n.protocol))&&n.host===r.host&&l.activeElement===s&&(d.top.location.href=t.value))}},d.addEventListener(\"message\",d.wp.receiveEmbedMessage,!1),l.addEventListener(\"DOMContentLoaded\",function(){for(var e,t,s=l.querySelectorAll(\"iframe.wp-embedded-content\"),r=0;r<s.length;r++)(t=(e=s[r]).getAttribute(\"data-secret\"))||(t=Math.random().toString(36).substring(2,12),e.src+=\"#?secret=\"+t,e.setAttribute(\"data-secret\",t)),e.contentWindow.postMessage({message:\"ready\",secret:t},\"*\")},!1)))}(window,document);\n\/* ]]> *\/\n<\/script>\n","description":"Szcz\u0119\u015b\u0107 Bo\u017ce! Witam i pozdrawiam wszystkich urlopowicz\u00f3w i tych, kt\u00f3rym si\u0119 nie uda\u0142o na urlop jeszcze wyjecha\u0107, a tak\u017ce tych, kt\u00f3rzy ju\u017c z urlop\u00f3w wr\u00f3cili.&nbsp; &nbsp; &nbsp; &nbsp; Moi Drodzy, wczoraj w Kodniu, przed Obliczem Matki Bo\u017cej, we Mszy \u015awi\u0119tej poleca\u0142em Was i wszystkie Wasze sprawy, tak\u017ce te, zapisane w Wielkiej Ksi\u0119dze Intencji. Czy Wy [&hellip;]"}

Szczęść Boże! Witam i pozdrawiam wszystkich urlopowiczów i tych, którym się nie udało na urlop jeszcze wyjechać, a także tych, którzy już z urlopów wrócili.&nbsp; &nbsp; &nbsp; &nbsp; Moi Drodzy, wczoraj w Kodniu, przed Obliczem Matki Bożej, we Mszy Świętej polecałem Was i wszystkie Wasze sprawy, także te, zapisane w Wielkiej Księdze Intencji. Czy Wy [&hellip;]
