{"version":"1.0","provider_name":"Gaudium Et Spes","provider_url":"https:\/\/gaudiumetspes-blog.pl","author_name":"Ks. Jacek","author_url":"https:\/\/gaudiumetspes-blog.pl\/index.php\/author\/ks-jacek\/","title":"Jezus modny - czy niemodny?... - Gaudium Et Spes","type":"rich","width":600,"height":338,"html":"<blockquote class=\"wp-embedded-content\" data-secret=\"8C2i0n2Fu6\"><a href=\"https:\/\/gaudiumetspes-blog.pl\/index.php\/2017\/06\/25\/jezus-modny-czy-niemodny\/\">Jezus modny &#8211; czy niemodny?&#8230;<\/a><\/blockquote><iframe sandbox=\"allow-scripts\" security=\"restricted\" src=\"https:\/\/gaudiumetspes-blog.pl\/index.php\/2017\/06\/25\/jezus-modny-czy-niemodny\/embed\/#?secret=8C2i0n2Fu6\" width=\"600\" height=\"338\" title=\"&#8222;Jezus modny &#8211; czy niemodny?&#8230;&#8221; &#8212; Gaudium Et Spes\" data-secret=\"8C2i0n2Fu6\" frameborder=\"0\" marginwidth=\"0\" marginheight=\"0\" scrolling=\"no\" class=\"wp-embedded-content\"><\/iframe><script type=\"text\/javascript\">\n\/* <![CDATA[ *\/\n\/*! This file is auto-generated *\/\n!function(d,l){\"use strict\";l.querySelector&&d.addEventListener&&\"undefined\"!=typeof URL&&(d.wp=d.wp||{},d.wp.receiveEmbedMessage||(d.wp.receiveEmbedMessage=function(e){var t=e.data;if((t||t.secret||t.message||t.value)&&!\/[^a-zA-Z0-9]\/.test(t.secret)){for(var s,r,n,a=l.querySelectorAll('iframe[data-secret=\"'+t.secret+'\"]'),o=l.querySelectorAll('blockquote[data-secret=\"'+t.secret+'\"]'),c=new RegExp(\"^https?:$\",\"i\"),i=0;i<o.length;i++)o[i].style.display=\"none\";for(i=0;i<a.length;i++)s=a[i],e.source===s.contentWindow&&(s.removeAttribute(\"style\"),\"height\"===t.message?(1e3<(r=parseInt(t.value,10))?r=1e3:~~r<200&&(r=200),s.height=r):\"link\"===t.message&&(r=new URL(s.getAttribute(\"src\")),n=new URL(t.value),c.test(n.protocol))&&n.host===r.host&&l.activeElement===s&&(d.top.location.href=t.value))}},d.addEventListener(\"message\",d.wp.receiveEmbedMessage,!1),l.addEventListener(\"DOMContentLoaded\",function(){for(var e,t,s=l.querySelectorAll(\"iframe.wp-embedded-content\"),r=0;r<s.length;r++)(t=(e=s[r]).getAttribute(\"data-secret\"))||(t=Math.random().toString(36).substring(2,12),e.src+=\"#?secret=\"+t,e.setAttribute(\"data-secret\",t)),e.contentWindow.postMessage({message:\"ready\",secret:t},\"*\")},!1)))}(window,document);\n\/* ]]> *\/\n<\/script>\n","description":"Niech b\u0119dzie pochwalony Jezus Chrystus! Moi Drodzy, w dniu dzisiejszym rocznic\u0119 \u015awi\u0119ce\u0144 kap\u0142a\u0144skich prze\u017cywa m\u00f3j Brat cioteczny, Ksi\u0105dz Marcin Nowicki, Kap\u0142an Diecezji toru\u0144skiej. \u017bycz\u0119 Mu gorliwo\u015bci i ci\u0105g\u0142ej duchowej m\u0142odo\u015bci. Zapewniam o modlitwie! &nbsp; &nbsp; &nbsp; &nbsp; &nbsp; &nbsp;Jutro za\u015b &#8211; na naszym forum &#8211; s\u0142\u00f3wko Piotra! Wszystkim \u017cycz\u0119 pi\u0119knej niedzieli &#8211; pierwszej wakacyjnej! Za\u015b [&hellip;]"}

Niech będzie pochwalony Jezus Chrystus! Moi Drodzy, w dniu dzisiejszym rocznicę Święceń kapłańskich przeżywa mój Brat cioteczny, Ksiądz Marcin Nowicki, Kapłan Diecezji toruńskiej. Życzę Mu gorliwości i ciągłej duchowej młodości. Zapewniam o modlitwie! &nbsp; &nbsp; &nbsp; &nbsp; &nbsp; &nbsp;Jutro zaś &#8211; na naszym forum &#8211; słówko Piotra! Wszystkim życzę pięknej niedzieli &#8211; pierwszej wakacyjnej! Zaś [&hellip;]
