{"version":"1.0","provider_name":"Gaudium Et Spes","provider_url":"https:\/\/gaudiumetspes-blog.pl","author_name":"Ks. Jacek","author_url":"https:\/\/gaudiumetspes-blog.pl\/index.php\/author\/ks-jacek\/","title":"Ty jeste\u015b Kap\u0142anem na wieki! - Gaudium Et Spes","type":"rich","width":600,"height":338,"html":"<blockquote class=\"wp-embedded-content\" data-secret=\"VwQA4ZJvmk\"><a href=\"https:\/\/gaudiumetspes-blog.pl\/index.php\/2019\/01\/23\/ty-jestes-kapanem-na-wieki-2\/\">Ty jeste\u015b Kap\u0142anem na wieki!<\/a><\/blockquote><iframe sandbox=\"allow-scripts\" security=\"restricted\" src=\"https:\/\/gaudiumetspes-blog.pl\/index.php\/2019\/01\/23\/ty-jestes-kapanem-na-wieki-2\/embed\/#?secret=VwQA4ZJvmk\" width=\"600\" height=\"338\" title=\"&#8222;Ty jeste\u015b Kap\u0142anem na wieki!&#8221; &#8212; Gaudium Et Spes\" data-secret=\"VwQA4ZJvmk\" frameborder=\"0\" marginwidth=\"0\" marginheight=\"0\" scrolling=\"no\" class=\"wp-embedded-content\"><\/iframe><script type=\"text\/javascript\">\n\/* <![CDATA[ *\/\n\/*! This file is auto-generated *\/\n!function(d,l){\"use strict\";l.querySelector&&d.addEventListener&&\"undefined\"!=typeof URL&&(d.wp=d.wp||{},d.wp.receiveEmbedMessage||(d.wp.receiveEmbedMessage=function(e){var t=e.data;if((t||t.secret||t.message||t.value)&&!\/[^a-zA-Z0-9]\/.test(t.secret)){for(var s,r,n,a=l.querySelectorAll('iframe[data-secret=\"'+t.secret+'\"]'),o=l.querySelectorAll('blockquote[data-secret=\"'+t.secret+'\"]'),c=new RegExp(\"^https?:$\",\"i\"),i=0;i<o.length;i++)o[i].style.display=\"none\";for(i=0;i<a.length;i++)s=a[i],e.source===s.contentWindow&&(s.removeAttribute(\"style\"),\"height\"===t.message?(1e3<(r=parseInt(t.value,10))?r=1e3:~~r<200&&(r=200),s.height=r):\"link\"===t.message&&(r=new URL(s.getAttribute(\"src\")),n=new URL(t.value),c.test(n.protocol))&&n.host===r.host&&l.activeElement===s&&(d.top.location.href=t.value))}},d.addEventListener(\"message\",d.wp.receiveEmbedMessage,!1),l.addEventListener(\"DOMContentLoaded\",function(){for(var e,t,s=l.querySelectorAll(\"iframe.wp-embedded-content\"),r=0;r<s.length;r++)(t=(e=s[r]).getAttribute(\"data-secret\"))||(t=Math.random().toString(36).substring(2,12),e.src+=\"#?secret=\"+t,e.setAttribute(\"data-secret\",t)),e.contentWindow.postMessage({message:\"ready\",secret:t},\"*\")},!1)))}(window,document);\n\/* ]]> *\/\n<\/script>\n","description":"Szcz\u0119\u015b\u0107 Bo\u017ce! Moi Drodzy, dzisiejsze wspomnienie liturgiczne \u2013 po ostatniej reformie kalendarza liturgicznego w Polsce, z roku 2017 \u2013 obchodzone jest tylko w naszej Diecezji siedleckiej. Ja Was jednak zach\u0119cam do pochylenia si\u0119 nad wspania\u0142ym \u015bwiadectwem odwa\u017cnej wiary, jakie daj\u0105 nam ci pro\u015bci Ludzie, paraj\u0105cy si\u0119 na co dzie\u0144 prac\u0105 na roli. Pro\u015bci \u2013 a [&hellip;]"}

Ty jesteś Kapłanem na wieki! - Gaudium Et Spes

<blockquote class="wp-embedded-content" data-secret="VwQA4ZJvmk"><a href="https://gaudiumetspes-blog.pl/index.php/2019/01/23/ty-jestes-kapanem-na-wieki-2/">Ty jesteś Kapłanem na wieki!</a></blockquote><iframe sandbox="allow-scripts" security="restricted" src="https://gaudiumetspes-blog.pl/index.php/2019/01/23/ty-jestes-kapanem-na-wieki-2/embed/#?secret=VwQA4ZJvmk" width="600" height="338" title="&#8222;Ty jesteś Kapłanem na wieki!&#8221; &#8212; Gaudium Et Spes" data-secret="VwQA4ZJvmk" frameborder="0" marginwidth="0" marginheight="0" scrolling="no" class="wp-embedded-content"></iframe><script type="text/javascript">
/* <![CDATA[ */
/*! This file is auto-generated */
!function(d,l){"use strict";l.querySelector&&d.addEventListener&&"undefined"!=typeof URL&&(d.wp=d.wp||{},d.wp.receiveEmbedMessage||(d.wp.receiveEmbedMessage=function(e){var t=e.data;if((t||t.secret||t.message||t.value)&&!/[^a-zA-Z0-9]/.test(t.secret)){for(var s,r,n,a=l.querySelectorAll('iframe[data-secret="'+t.secret+'"]'),o=l.querySelectorAll('blockquote[data-secret="'+t.secret+'"]'),c=new RegExp("^https?:$","i"),i=0;i<o.length;i++)o[i].style.display="none";for(i=0;i<a.length;i++)s=a[i],e.source===s.contentWindow&&(s.removeAttribute("style"),"height"===t.message?(1e3<(r=parseInt(t.value,10))?r=1e3:~~r<200&&(r=200),s.height=r):"link"===t.message&&(r=new URL(s.getAttribute("src")),n=new URL(t.value),c.test(n.protocol))&&n.host===r.host&&l.activeElement===s&&(d.top.location.href=t.value))}},d.addEventListener("message",d.wp.receiveEmbedMessage,!1),l.addEventListener("DOMContentLoaded",function(){for(var e,t,s=l.querySelectorAll("iframe.wp-embedded-content"),r=0;r<s.length;r++)(t=(e=s[r]).getAttribute("data-secret"))||(t=Math.random().toString(36).substring(2,12),e.src+="#?secret="+t,e.setAttribute("data-secret",t)),e.contentWindow.postMessage({message:"ready",secret:t},"*")},!1)))}(window,document);
/* ]]> */
</script>

Szczęść Boże! Moi Drodzy, dzisiejsze wspomnienie liturgiczne – po ostatniej reformie kalendarza liturgicznego w Polsce, z roku 2017 – obchodzone jest tylko w naszej Diecezji siedleckiej. Ja Was jednak zachęcam do pochylenia się nad wspaniałym świadectwem odważnej wiary, jakie dają nam ci prości Ludzie, parający się na co dzień pracą na roli. Prości – a [&hellip;]
