{"version":"1.0","provider_name":"Gaudium Et Spes","provider_url":"https:\/\/gaudiumetspes-blog.pl","author_name":"Ks. Jacek","author_url":"https:\/\/gaudiumetspes-blog.pl\/index.php\/author\/ks-jacek\/","title":"Jedyne wyj\u015bcie: wierno\u015b\u0107 Bogu! - Gaudium Et Spes","type":"rich","width":600,"height":338,"html":"<blockquote class=\"wp-embedded-content\" data-secret=\"YvXzO3W6qD\"><a href=\"https:\/\/gaudiumetspes-blog.pl\/index.php\/2020\/06\/15\/jedyne-wyjscie-wiernosc-bogu\/\">Jedyne wyj\u015bcie: wierno\u015b\u0107 Bogu!<\/a><\/blockquote><iframe sandbox=\"allow-scripts\" security=\"restricted\" src=\"https:\/\/gaudiumetspes-blog.pl\/index.php\/2020\/06\/15\/jedyne-wyjscie-wiernosc-bogu\/embed\/#?secret=YvXzO3W6qD\" width=\"600\" height=\"338\" title=\"&#8222;Jedyne wyj\u015bcie: wierno\u015b\u0107 Bogu!&#8221; &#8212; Gaudium Et Spes\" data-secret=\"YvXzO3W6qD\" frameborder=\"0\" marginwidth=\"0\" marginheight=\"0\" scrolling=\"no\" class=\"wp-embedded-content\"><\/iframe><script type=\"text\/javascript\">\n\/* <![CDATA[ *\/\n\/*! This file is auto-generated *\/\n!function(d,l){\"use strict\";l.querySelector&&d.addEventListener&&\"undefined\"!=typeof URL&&(d.wp=d.wp||{},d.wp.receiveEmbedMessage||(d.wp.receiveEmbedMessage=function(e){var t=e.data;if((t||t.secret||t.message||t.value)&&!\/[^a-zA-Z0-9]\/.test(t.secret)){for(var s,r,n,a=l.querySelectorAll('iframe[data-secret=\"'+t.secret+'\"]'),o=l.querySelectorAll('blockquote[data-secret=\"'+t.secret+'\"]'),c=new RegExp(\"^https?:$\",\"i\"),i=0;i<o.length;i++)o[i].style.display=\"none\";for(i=0;i<a.length;i++)s=a[i],e.source===s.contentWindow&&(s.removeAttribute(\"style\"),\"height\"===t.message?(1e3<(r=parseInt(t.value,10))?r=1e3:~~r<200&&(r=200),s.height=r):\"link\"===t.message&&(r=new URL(s.getAttribute(\"src\")),n=new URL(t.value),c.test(n.protocol))&&n.host===r.host&&l.activeElement===s&&(d.top.location.href=t.value))}},d.addEventListener(\"message\",d.wp.receiveEmbedMessage,!1),l.addEventListener(\"DOMContentLoaded\",function(){for(var e,t,s=l.querySelectorAll(\"iframe.wp-embedded-content\"),r=0;r<s.length;r++)(t=(e=s[r]).getAttribute(\"data-secret\"))||(t=Math.random().toString(36).substring(2,12),e.src+=\"#?secret=\"+t,e.setAttribute(\"data-secret\",t)),e.contentWindow.postMessage({message:\"ready\",secret:t},\"*\")},!1)))}(window,document);\n\/* ]]> *\/\n<\/script>\n","description":"Szcz\u0119\u015b\u0107 Bo\u017ce! Moi Drodzy, w dniu dzisiejszym rocznic\u0119 \u015bwi\u0119ce\u0144 kap\u0142a\u0144skich prze\u017cywa Ksi\u0105dz Rafa\u0142 Jarosiewicz, pochodz\u0105cy z mojej rodzinnej Parafii i z jednego Grona lektorskiego \u2013 Kap\u0142an chyba dobrze nam wszystkim znany! Dzi\u0119kuj\u0105c Bogu za zapa\u0142 Ksi\u0119dza Rafa\u0142a i Jego niezmordowan\u0105 energi\u0119, \u017cycz\u0119 wszystkich mo\u017cliwych \u015bwiate\u0142 z Nieba do pe\u0142nienia tak pi\u0119knej pos\u0142ugi! I zapewniam o [&hellip;]"}

Jedyne wyjście: wierność Bogu! - Gaudium Et Spes

<blockquote class="wp-embedded-content" data-secret="YvXzO3W6qD"><a href="https://gaudiumetspes-blog.pl/index.php/2020/06/15/jedyne-wyjscie-wiernosc-bogu/">Jedyne wyjście: wierność Bogu!</a></blockquote><iframe sandbox="allow-scripts" security="restricted" src="https://gaudiumetspes-blog.pl/index.php/2020/06/15/jedyne-wyjscie-wiernosc-bogu/embed/#?secret=YvXzO3W6qD" width="600" height="338" title="&#8222;Jedyne wyjście: wierność Bogu!&#8221; &#8212; Gaudium Et Spes" data-secret="YvXzO3W6qD" frameborder="0" marginwidth="0" marginheight="0" scrolling="no" class="wp-embedded-content"></iframe><script type="text/javascript">
/* <![CDATA[ */
/*! This file is auto-generated */
!function(d,l){"use strict";l.querySelector&&d.addEventListener&&"undefined"!=typeof URL&&(d.wp=d.wp||{},d.wp.receiveEmbedMessage||(d.wp.receiveEmbedMessage=function(e){var t=e.data;if((t||t.secret||t.message||t.value)&&!/[^a-zA-Z0-9]/.test(t.secret)){for(var s,r,n,a=l.querySelectorAll('iframe[data-secret="'+t.secret+'"]'),o=l.querySelectorAll('blockquote[data-secret="'+t.secret+'"]'),c=new RegExp("^https?:$","i"),i=0;i<o.length;i++)o[i].style.display="none";for(i=0;i<a.length;i++)s=a[i],e.source===s.contentWindow&&(s.removeAttribute("style"),"height"===t.message?(1e3<(r=parseInt(t.value,10))?r=1e3:~~r<200&&(r=200),s.height=r):"link"===t.message&&(r=new URL(s.getAttribute("src")),n=new URL(t.value),c.test(n.protocol))&&n.host===r.host&&l.activeElement===s&&(d.top.location.href=t.value))}},d.addEventListener("message",d.wp.receiveEmbedMessage,!1),l.addEventListener("DOMContentLoaded",function(){for(var e,t,s=l.querySelectorAll("iframe.wp-embedded-content"),r=0;r<s.length;r++)(t=(e=s[r]).getAttribute("data-secret"))||(t=Math.random().toString(36).substring(2,12),e.src+="#?secret="+t,e.setAttribute("data-secret",t)),e.contentWindow.postMessage({message:"ready",secret:t},"*")},!1)))}(window,document);
/* ]]> */
</script>

Szczęść Boże! Moi Drodzy, w dniu dzisiejszym rocznicę święceń kapłańskich przeżywa Ksiądz Rafał Jarosiewicz, pochodzący z mojej rodzinnej Parafii i z jednego Grona lektorskiego – Kapłan chyba dobrze nam wszystkim znany! Dziękując Bogu za zapał Księdza Rafała i Jego niezmordowaną energię, życzę wszystkich możliwych świateł z Nieba do pełnienia tak pięknej posługi! I zapewniam o [&hellip;]
