{"version":"1.0","provider_name":"Gaudium Et Spes","provider_url":"https:\/\/gaudiumetspes-blog.pl","author_name":"Ks. Jacek","author_url":"https:\/\/gaudiumetspes-blog.pl\/index.php\/author\/ks-jacek\/","title":"Doskonali - jak doskona\u0142y jest Ojciec! - Gaudium Et Spes","type":"rich","width":600,"height":338,"html":"<blockquote class=\"wp-embedded-content\" data-secret=\"KgywXBM1lD\"><a href=\"https:\/\/gaudiumetspes-blog.pl\/index.php\/2020\/06\/16\/doskonali-jak-doskonaly-jest-ojciec\/\">Doskonali &#8211; jak doskona\u0142y jest Ojciec!<\/a><\/blockquote><iframe sandbox=\"allow-scripts\" security=\"restricted\" src=\"https:\/\/gaudiumetspes-blog.pl\/index.php\/2020\/06\/16\/doskonali-jak-doskonaly-jest-ojciec\/embed\/#?secret=KgywXBM1lD\" width=\"600\" height=\"338\" title=\"&#8222;Doskonali &#8211; jak doskona\u0142y jest Ojciec!&#8221; &#8212; Gaudium Et Spes\" data-secret=\"KgywXBM1lD\" frameborder=\"0\" marginwidth=\"0\" marginheight=\"0\" scrolling=\"no\" class=\"wp-embedded-content\"><\/iframe><script type=\"text\/javascript\">\n\/* <![CDATA[ *\/\n\/*! This file is auto-generated *\/\n!function(d,l){\"use strict\";l.querySelector&&d.addEventListener&&\"undefined\"!=typeof URL&&(d.wp=d.wp||{},d.wp.receiveEmbedMessage||(d.wp.receiveEmbedMessage=function(e){var t=e.data;if((t||t.secret||t.message||t.value)&&!\/[^a-zA-Z0-9]\/.test(t.secret)){for(var s,r,n,a=l.querySelectorAll('iframe[data-secret=\"'+t.secret+'\"]'),o=l.querySelectorAll('blockquote[data-secret=\"'+t.secret+'\"]'),c=new RegExp(\"^https?:$\",\"i\"),i=0;i<o.length;i++)o[i].style.display=\"none\";for(i=0;i<a.length;i++)s=a[i],e.source===s.contentWindow&&(s.removeAttribute(\"style\"),\"height\"===t.message?(1e3<(r=parseInt(t.value,10))?r=1e3:~~r<200&&(r=200),s.height=r):\"link\"===t.message&&(r=new URL(s.getAttribute(\"src\")),n=new URL(t.value),c.test(n.protocol))&&n.host===r.host&&l.activeElement===s&&(d.top.location.href=t.value))}},d.addEventListener(\"message\",d.wp.receiveEmbedMessage,!1),l.addEventListener(\"DOMContentLoaded\",function(){for(var e,t,s=l.querySelectorAll(\"iframe.wp-embedded-content\"),r=0;r<s.length;r++)(t=(e=s[r]).getAttribute(\"data-secret\"))||(t=Math.random().toString(36).substring(2,12),e.src+=\"#?secret=\"+t,e.setAttribute(\"data-secret\",t)),e.contentWindow.postMessage({message:\"ready\",secret:t},\"*\")},!1)))}(window,document);\n\/* ]]> *\/\n<\/script>\n","description":"Szcz\u0119\u015b\u0107 Bo\u017ce! Moi Drodzy, w dniu dzisiejszym rocznic\u0119 \u015bwi\u0119ce\u0144 kap\u0142a\u0144skich prze\u017cywa Ksi\u0105dz Pra\u0142at Mieczys\u0142aw Lipniacki, m\u00f3j \u201erodzony\u201d Proboszcz. tak okre\u015blam Ksi\u0119dza Pra\u0142ata, bo by\u0142 moim Proboszczem od powstania naszej Parafii i mojej Pierwszej Komunii \u015awi\u0119tej \u2013 a\u017c do kap\u0142a\u0144skiej Prymicji i jeszcze dalej. Obecnie jest na emeryturze, mieszka przy Parafii, kt\u00f3r\u0105 tworzy\u0142, ci\u0105gle wspieraj\u0105c obecnych [&hellip;]"}

Doskonali - jak doskonały jest Ojciec! - Gaudium Et Spes

<blockquote class="wp-embedded-content" data-secret="KgywXBM1lD"><a href="https://gaudiumetspes-blog.pl/index.php/2020/06/16/doskonali-jak-doskonaly-jest-ojciec/">Doskonali &#8211; jak doskonały jest Ojciec!</a></blockquote><iframe sandbox="allow-scripts" security="restricted" src="https://gaudiumetspes-blog.pl/index.php/2020/06/16/doskonali-jak-doskonaly-jest-ojciec/embed/#?secret=KgywXBM1lD" width="600" height="338" title="&#8222;Doskonali &#8211; jak doskonały jest Ojciec!&#8221; &#8212; Gaudium Et Spes" data-secret="KgywXBM1lD" frameborder="0" marginwidth="0" marginheight="0" scrolling="no" class="wp-embedded-content"></iframe><script type="text/javascript">
/* <![CDATA[ */
/*! This file is auto-generated */
!function(d,l){"use strict";l.querySelector&&d.addEventListener&&"undefined"!=typeof URL&&(d.wp=d.wp||{},d.wp.receiveEmbedMessage||(d.wp.receiveEmbedMessage=function(e){var t=e.data;if((t||t.secret||t.message||t.value)&&!/[^a-zA-Z0-9]/.test(t.secret)){for(var s,r,n,a=l.querySelectorAll('iframe[data-secret="'+t.secret+'"]'),o=l.querySelectorAll('blockquote[data-secret="'+t.secret+'"]'),c=new RegExp("^https?:$","i"),i=0;i<o.length;i++)o[i].style.display="none";for(i=0;i<a.length;i++)s=a[i],e.source===s.contentWindow&&(s.removeAttribute("style"),"height"===t.message?(1e3<(r=parseInt(t.value,10))?r=1e3:~~r<200&&(r=200),s.height=r):"link"===t.message&&(r=new URL(s.getAttribute("src")),n=new URL(t.value),c.test(n.protocol))&&n.host===r.host&&l.activeElement===s&&(d.top.location.href=t.value))}},d.addEventListener("message",d.wp.receiveEmbedMessage,!1),l.addEventListener("DOMContentLoaded",function(){for(var e,t,s=l.querySelectorAll("iframe.wp-embedded-content"),r=0;r<s.length;r++)(t=(e=s[r]).getAttribute("data-secret"))||(t=Math.random().toString(36).substring(2,12),e.src+="#?secret="+t,e.setAttribute("data-secret",t)),e.contentWindow.postMessage({message:"ready",secret:t},"*")},!1)))}(window,document);
/* ]]> */
</script>

Szczęść Boże! Moi Drodzy, w dniu dzisiejszym rocznicę święceń kapłańskich przeżywa Ksiądz Prałat Mieczysław Lipniacki, mój „rodzony” Proboszcz. tak określam Księdza Prałata, bo był moim Proboszczem od powstania naszej Parafii i mojej Pierwszej Komunii Świętej – aż do kapłańskiej Prymicji i jeszcze dalej. Obecnie jest na emeryturze, mieszka przy Parafii, którą tworzył, ciągle wspierając obecnych [&hellip;]
