{"version":"1.0","provider_name":"Gaudium Et Spes","provider_url":"https:\/\/gaudiumetspes-blog.pl","author_name":"Ks. Jacek","author_url":"https:\/\/gaudiumetspes-blog.pl\/index.php\/author\/ks-jacek\/","title":"Nie biadoli\u0107! Dzia\u0142a\u0107! - Gaudium Et Spes","type":"rich","width":600,"height":338,"html":"<blockquote class=\"wp-embedded-content\" data-secret=\"dnYJj0p25V\"><a href=\"https:\/\/gaudiumetspes-blog.pl\/index.php\/2025\/06\/22\/nie-biadolic-dzialac\/\">Nie biadoli\u0107! Dzia\u0142a\u0107!<\/a><\/blockquote><iframe sandbox=\"allow-scripts\" security=\"restricted\" src=\"https:\/\/gaudiumetspes-blog.pl\/index.php\/2025\/06\/22\/nie-biadolic-dzialac\/embed\/#?secret=dnYJj0p25V\" width=\"600\" height=\"338\" title=\"&#8222;Nie biadoli\u0107! Dzia\u0142a\u0107!&#8221; &#8212; Gaudium Et Spes\" data-secret=\"dnYJj0p25V\" frameborder=\"0\" marginwidth=\"0\" marginheight=\"0\" scrolling=\"no\" class=\"wp-embedded-content\"><\/iframe><script type=\"text\/javascript\">\n\/* <![CDATA[ *\/\n\/*! This file is auto-generated *\/\n!function(d,l){\"use strict\";l.querySelector&&d.addEventListener&&\"undefined\"!=typeof URL&&(d.wp=d.wp||{},d.wp.receiveEmbedMessage||(d.wp.receiveEmbedMessage=function(e){var t=e.data;if((t||t.secret||t.message||t.value)&&!\/[^a-zA-Z0-9]\/.test(t.secret)){for(var s,r,n,a=l.querySelectorAll('iframe[data-secret=\"'+t.secret+'\"]'),o=l.querySelectorAll('blockquote[data-secret=\"'+t.secret+'\"]'),c=new RegExp(\"^https?:$\",\"i\"),i=0;i<o.length;i++)o[i].style.display=\"none\";for(i=0;i<a.length;i++)s=a[i],e.source===s.contentWindow&&(s.removeAttribute(\"style\"),\"height\"===t.message?(1e3<(r=parseInt(t.value,10))?r=1e3:~~r<200&&(r=200),s.height=r):\"link\"===t.message&&(r=new URL(s.getAttribute(\"src\")),n=new URL(t.value),c.test(n.protocol))&&n.host===r.host&&l.activeElement===s&&(d.top.location.href=t.value))}},d.addEventListener(\"message\",d.wp.receiveEmbedMessage,!1),l.addEventListener(\"DOMContentLoaded\",function(){for(var e,t,s=l.querySelectorAll(\"iframe.wp-embedded-content\"),r=0;r<s.length;r++)(t=(e=s[r]).getAttribute(\"data-secret\"))||(t=Math.random().toString(36).substring(2,12),e.src+=\"#?secret=\"+t,e.setAttribute(\"data-secret\",t)),e.contentWindow.postMessage({message:\"ready\",secret:t},\"*\")},!1)))}(window,document);\n\/* ]]> *\/\n<\/script>\n","description":"Niech b\u0119dzie pochwalony Jezus Chrystus! Drodzy moi, w dniu dzisiejszym rocznic\u0119 \u015awi\u0119ce\u0144 kap\u0142a\u0144skich prze\u017cywaj\u0105: \u25baKsi\u0105dz Krystian Bajkowski, \u25baKsi\u0105dz Karol Biardzki, \u25baKsi\u0105dz Piotr Grzebisz, \u25baKsi\u0105dz Micha\u0142 Miszkurka, \u25baOjciec J\u00f3zef Nies\u0142ony [1975] \u2013 Oblat, zas\u0142u\u017cony dla polskiej Prowincji swego Zgromadzenia; prowadz\u0105cy Rekolekcje w naszym Seminarium, w czasie mojej formacji do kap\u0142a\u0144stwa, a potem w Kodniu, w kt\u00f3rych [&hellip;]"}

Nie biadolić! Działać! - Gaudium Et Spes

<blockquote class="wp-embedded-content" data-secret="dnYJj0p25V"><a href="https://gaudiumetspes-blog.pl/index.php/2025/06/22/nie-biadolic-dzialac/">Nie biadolić! Działać!</a></blockquote><iframe sandbox="allow-scripts" security="restricted" src="https://gaudiumetspes-blog.pl/index.php/2025/06/22/nie-biadolic-dzialac/embed/#?secret=dnYJj0p25V" width="600" height="338" title="&#8222;Nie biadolić! Działać!&#8221; &#8212; Gaudium Et Spes" data-secret="dnYJj0p25V" frameborder="0" marginwidth="0" marginheight="0" scrolling="no" class="wp-embedded-content"></iframe><script type="text/javascript">
/* <![CDATA[ */
/*! This file is auto-generated */
!function(d,l){"use strict";l.querySelector&&d.addEventListener&&"undefined"!=typeof URL&&(d.wp=d.wp||{},d.wp.receiveEmbedMessage||(d.wp.receiveEmbedMessage=function(e){var t=e.data;if((t||t.secret||t.message||t.value)&&!/[^a-zA-Z0-9]/.test(t.secret)){for(var s,r,n,a=l.querySelectorAll('iframe[data-secret="'+t.secret+'"]'),o=l.querySelectorAll('blockquote[data-secret="'+t.secret+'"]'),c=new RegExp("^https?:$","i"),i=0;i<o.length;i++)o[i].style.display="none";for(i=0;i<a.length;i++)s=a[i],e.source===s.contentWindow&&(s.removeAttribute("style"),"height"===t.message?(1e3<(r=parseInt(t.value,10))?r=1e3:~~r<200&&(r=200),s.height=r):"link"===t.message&&(r=new URL(s.getAttribute("src")),n=new URL(t.value),c.test(n.protocol))&&n.host===r.host&&l.activeElement===s&&(d.top.location.href=t.value))}},d.addEventListener("message",d.wp.receiveEmbedMessage,!1),l.addEventListener("DOMContentLoaded",function(){for(var e,t,s=l.querySelectorAll("iframe.wp-embedded-content"),r=0;r<s.length;r++)(t=(e=s[r]).getAttribute("data-secret"))||(t=Math.random().toString(36).substring(2,12),e.src+="#?secret="+t,e.setAttribute("data-secret",t)),e.contentWindow.postMessage({message:"ready",secret:t},"*")},!1)))}(window,document);
/* ]]> */
</script>

Niech będzie pochwalony Jezus Chrystus! Drodzy moi, w dniu dzisiejszym rocznicę Święceń kapłańskich przeżywają: ►Ksiądz Krystian Bajkowski, ►Ksiądz Karol Biardzki, ►Ksiądz Piotr Grzebisz, ►Ksiądz Michał Miszkurka, ►Ojciec Józef Niesłony [1975] – Oblat, zasłużony dla polskiej Prowincji swego Zgromadzenia; prowadzący Rekolekcje w naszym Seminarium, w czasie mojej formacji do kapłaństwa, a potem w Kodniu, w których [&hellip;]
